factors of 4 + -6 + 8 - (-1525 - -1).
2, 3, 5, 17
Suppose -1554*t + 1555*t - 130 = 0. What are the prime factors of t?
2, 5, 13
Let f = 845 + -547. What are the prime factors of f?
2, 149
Let l(p) = 9*p - 6. Let t(k) = -17*k + 11. Let i(h) = -11*l(h) - 6*t(h). Suppose -4*n + 21 = c, 2*n - 3*c + 3 = -n. List the prime factors of i(n).
2, 3
Suppose -2*s + 17 - 7 = 0. Suppose 28 = 3*a + s*c, 6*a - a + c = 54. Suppose -5 = -z + a. What are the prime factors of z?
2
Let j = 1389 - 1190. List the prime factors of j.
199
Let v(m) = -m**3 + 15*m**2 - 3*m + 14. Let b be v(8). Suppose b + 52 = 5*n. List the prime factors of n.
2, 7
Let o = 251 - 87. List the prime factors of o.
2, 41
Let x(o) = o + 11. Suppose -4*h + 3*h - 17 = 0. Let t = -25 - h. List the prime factors of x(t).
3
Suppose 0*m - 8*m = -48. Suppose 375 = m*u - u. What are the prime factors of u?
3, 5
Let u be 0/(-5 - -2 - -4). Suppose -z = -5*h - 82, -178 = -2*z - u*h + 3*h. List the prime factors of z.
2, 23
Let u(r) = -11*r + 15. Suppose 11 = -2*h - 5. What are the prime factors of u(h)?
103
Let y(p) = -93*p + 25. Let n be y(19). What are the prime factors of n/(-39) - (-1)/3?
3, 5
Let a(g) = g + 4. Let i be a(0). Suppose -6*o = -i*o - 84. What are the prime factors of o?
2, 3, 7
Let t = -1684 + 3497. List the prime factors of t.
7, 37
Suppose 17*s = 632 + 3567. List the prime factors of s.
13, 19
Let s be -4 + (-4 - (1 - 4)). Let i be 0*4/(-20)*s. Suppose i = 5*p - p - 100. List the prime factors of p.
5
Let q(w) = 15*w - 11. Let a be q(5). Suppose -3*s + a = -11. List the prime factors of s.
5
Suppose -11 = g + 3*w, -13*w - 37 = -3*g - 8*w. Suppose g*h = -83 + 111. What are the prime factors of h?
7
Let d(s) = 328*s**2 - 6*s + 21. What are the prime factors of d(3)?
3, 5, 197
Suppose -8*h - 50 = -3*h. Let p = -8 - h. What are the prime factors of 4 - p - (-21)/1?
23
Suppose 23*w - 12219 - 4824 = 0. List the prime factors of w.
3, 13, 19
Let h = 1 - -2. Suppose 0*i - 35 = -2*n + h*i, -i = 4*n - 35. What are the prime factors of n?
2, 5
Let m = 215 - -588. What are the prime factors of m?
11, 73
Let f(z) = -z**3 + 49*z**2 - 69*z + 44. What are the prime factors of f(47)?
23, 53
Suppose -4*u - 339 = -3*z, 4*u = 3*z + 6*u - 321. What are the prime factors of z?
109
Let h(z) = z - 3. Let j be h(-6). Let c = j + 15. What are the prime factors of c?
2, 3
Let c(y) = y**3 + 9*y**2 - 4*y + 1. Let q be c(-9). Suppose -5*v = -q + 2. Let w(t) = 2*t**2 - 9*t - 6. What are the prime factors of w(v)?
29
Let t = 1041 - 407. List the prime factors of t.
2, 317
Let y(g) = 2*g**3 - 5*g**2 + g - 4. Let h be y(-3). List the prime factors of (17/(-34))/(1/h).
53
Suppose 0 = -4*w + 3*w, 3*a + 5*w - 2409 = 0. Suppose 2*x + 8 = 0, 2*x - a = -5*z + 319. List the prime factors of z.
2, 113
Let k be 2 + (4 - -1) + -1. Let x(l) = -5*l**3 + 3*l**2 - 5*l - 10. Let o be x(k). What are the prime factors of (-2)/3 - o/33?
2, 3, 5
Let n = 5 - 10. Let p = n + 8. Suppose -3*q + 69 = 2*v, 0 = -p*q + 2*q + 5. What are the prime factors of v?
3
Let g(d) = d**3 - 9*d**2 + 8. Let y be g(8). What are the prime factors of 3 - (6/3 + y)?
3, 19
Let q = 135 + 723. List the prime factors of q.
2, 3, 11, 13
Let o = -9 + -3. Let l be 2/(-6) + (-28)/o. Suppose -2*v + 84 = 2*p, -2*v + 6*v = l*p + 150. List the prime factors of v.
3, 13
Let b be 32/(-18) - (-12)/(-54). What are the prime factors of (-114)/95*35/b?
3, 7
Suppose -4*h + 4 + 0 = 0. Let v(f) = 6*f**2. Let d be v(h). What are the prime factors of (15/(-10))/(d/(-16))?
2
Let l = 1785 - 623. What are the prime factors of l?
2, 7, 83
Let o(h) = -438*h - 106. List the prime factors of o(-4).
2, 823
Let f be (-18)/(-4)*(-4)/6. List the prime factors of ((-4)/((-4)/1))/f*-195.
5, 13
Suppose 6 = -2*g, 0*h + g = h - 536. What are the prime factors of h?
13, 41
Suppose -7*c = 2 - 16. What are the prime factors of (-3 + 140)*(c - 1)?
137
Let y = -206 - -799. Suppose 5*h - y = -4*d, 0 = 4*d - d + 5*h - 446. List the prime factors of d.
3, 7
Let z = 79 + -44. Let a be (26/3 + -4)*-3. Let v = a + z. List the prime factors of v.
3, 7
Let f(j) be the second derivative of j**4/2 - j. List the prime factors of f(-4).
2, 3
Let u be 37/1 - (23 + -26). Let p = u - 35. What are the prime factors of ((-40)/6)/p*-9?
2, 3
Let n = -7029 + 10545. List the prime factors of n.
2, 3, 293
Let z(o) = -o**3 - 3*o**2 - 3*o - 1. Suppose 2 = 3*p - 2*p. Suppose p*c + 2 + 4 = 0. What are the prime factors of z(c)?
2
Let v(k) be the second derivative of k**5/20 + 19*k**4/12 + 8*k**3/3 - 19*k**2/2 + 5*k. List the prime factors of v(-18).
17
Let n(l) = -l**2 + 27*l + 163. Let d be n(32). Let y(k) = 2*k**2 + 2*k. Let g be y(2). Suppose g = d*i - i. What are the prime factors of i?
2, 3
Let j(a) = 2*a**2 - 8*a + 9. Let z be j(9). Suppose -z = -5*n - 9. List the prime factors of n.
2, 3
Suppose l + i - 32 = -0*l, -l + 24 = 5*i. Let a(m) = -m**3 - 5*m**2 + 14*m - 5. Let y be a(-7). Let t = l + y. List the prime factors of t.
29
Suppose -5*p - 2 = 3. What are the prime factors of p + -2 - (-71 + 0)?
2, 17
Let p be 8/(-36)*-30*(-6)/(-4). What are the prime factors of 1146/10 - (-4)/p?
5, 23
Let d = 430 - 350. What are the prime factors of d?
2, 5
Let i be (-8)/(-12) - 208/(-12). What are the prime factors of ((222/18)/1)/(2/i)?
3, 37
Let x = -1 - 0. What are the prime factors of 13 + (x - -4)*-1?
2, 5
Let a be (-4 - -1)*(-5)/3. Suppose 0 = w - 6*w + 15. Suppose w = -q + 5*c, -3*c = -a*q - 5*c + 66. List the prime factors of q.
2, 3
Suppose 2467 - 46 = 3*x. List the prime factors of x.
3, 269
Suppose 0*k + 5*k = 2*z - 13, 5*k - 3 = -2*z. Suppose t = d - 2, -d + 14 = -5*t + z. Suppose 0 = l - 5*a + 6, a + d = 2. What are the prime factors of l?
2
Let t = 2 + 12. Let d = t + 36. List the prime factors of d.
2, 5
Let n(l) be the third derivative of -l**6/60 - l**5/15 - 17*l**3/6 - 37*l**2. List the prime factors of n(-5).
7, 19
Let t be -4*(-1 + 3 + 15). Let l = 128 + t. What are the prime factors of l?
2, 3, 5
Let w(h) = 0 + h + 3 - 3. Let z = 17 - 8. List the prime factors of w(z).
3
Suppose 0 = -5*l + 515 + 2065. Suppose 4*o = 4*p - l, -4*p = o - 401 - 90. What are the prime factors of p?
2, 31
Let a(f) = 4*f**2 - 3*f - 31. List the prime factors of a(7).
2, 3
Suppose 1379 = 4*z + i, 27*z = 24*z + 4*i + 1020. List the prime factors of z.
2, 43
Suppose -35 + 3 = -8*h. Suppose h*r - 10 = 194. List the prime factors of r.
3, 17
List the prime factors of ((-1498)/84)/(1/(-12)).
2, 107
Let k(f) be the first derivative of -2*f**2 - 29*f + 5. What are the prime factors of k(-12)?
19
Let s be 3*(0 - -1) + 168. Suppose 0 = 5*v + 5*l - 290, -4*l - s = -3*v - 6*l. What are the prime factors of v?
5, 11
Suppose 6 = -4*f + 2*b, 2*f - 4*b = -0*b - 12. Suppose f*u = -u + 6. What are the prime factors of u?
2, 3
Let x = 45 - 46. Let u(v) = 65*v**2 + 3*v + 2. What are the prime factors of u(x)?
2
Let s = -947 + 1859. What are the prime factors of s?
2, 3, 19
Let r(c) be the first derivative of c**4/4 + 5*c**3/3 - 5*c**2/2 - 5*c - 10. List the prime factors of r(-5).
2, 5
Let g(n) = 10*n**2 + 30*n + 12. Let p(x) = 7*x**2 + 20*x + 8. Let h(z) = 5*g(z) - 7*p(z). Let k be h(-6). Let o = k + 32. What are the prime factors of o?
2, 3
Let u(v) = -15*v - 4. Suppose 5*k - 8 = 2*n, 16 = -5*n + k - 4. Let c be u(n). Let t = -14 + c. List the prime factors of t.
2, 3, 7
Let h = -75 + 75. Suppose h*c - 6*c = -1650. What are the prime factors of c?
5, 11
Let s(d) = 5*d - 1. Let l be s(-7). Suppose 0 = 23*p - 756 - 509. Let a = l + p. List the prime factors of a.
19
Let h(j) = j + 6. Let w(k) = 6. Let z(y) = 2*h(y) - 3*w(y). Let u be z(4). Suppose 13 + 15 = 3*m + 5*i, m - 2*i - u = 0. What are the prime factors of m?
2, 3
Let y(o) = -o**2 - 11*o + 7. Let d be y(-11). Let j(n) = -n**3 + 6*n**2 + 7*n + 2. Let m be j(d). Suppose 57 = m*t - 3. List the prime factors of t.
2, 3, 5
What are the prime factors of (-2517)/(-1) + -4 + (-76)/(-19)?
3, 839
Let q be -4*(1 + (-12)/8). Suppose -4*m = -q*m. Suppose m*i - 3*i = -36. List the prime factors of i.
2, 3
Let f(v) be the second derivative of v**3/6 + 6*v**2 + 9*v. Let q be f(-12). Suppose 0*g - 4*g + 148 = q. What are the prime factors of g?
37
Let h(a) = -1691*a**3 - a**2 + a - 1. What are the prime fact